{"id":1688216,"date":"2024-07-19T21:46:43","date_gmt":"2024-07-20T01:46:43","guid":{"rendered":"https:\/\/fiertelitteraire.ca\/?post_type=flp_evenement&#038;p=1688216"},"modified":"2026-01-24T17:24:12","modified_gmt":"2026-01-24T22:24:12","slug":"les-choix-de-sophie-la-lecture-a-decouvrir-2019","status":"publish","type":"flp_evenement","link":"https:\/\/www.fiertelitteraire.ca\/en\/edition\/2019\/les-choix-de-sophie-la-lecture-a-decouvrir-2019\/","title":{"rendered":"Les choix de Sophie : la lecture \u00e0 d\u00e9couvrir !"},"content":{"rendered":"<p><em>R\u00e9sum\u00e9 de l\u2019\u00e9v\u00e8nement tir\u00e9 du\u00a0<a href=\"https:\/\/denismartinchabot.wordpress.com\/2017\/09\/10\/fierte-litteraire-2017-le-fier-plaisir-de-lire\/\">blog de Denis-Martin Chabot<\/a><\/em><\/p>\n\n\n\n<p>Quatre auteur.e.s ont fait d\u00e9couvrir leur oeuvre lors de la soir\u00e9e Les Choix de Sophie anim\u00e9e par la com\u00e9dienne&nbsp;<em>Sophie Paradis<\/em>.&nbsp;<em>Johanne Coulombe<\/em>, \u00e9ditrice, nous a parl\u00e9 de&nbsp;<em>Portraits d\u2019illustres Butchs<\/em>, un livre qui c\u00e9l\u00e8bre de grandes femmes queer de l\u2019histoire.&nbsp;<em>Johanne H Gaudreault<\/em>&nbsp;a v\u00e9cu \u00e0 \u00cele du Prince \u00c9douard, l\u00e0 o\u00f9 se d\u00e9roule une bonne partie de sa saga,&nbsp;<em>Les Parall\u00e8les<\/em>. L\u2019autrice belge&nbsp;<em>Val\u00e9rie Dureuil<\/em>&nbsp;qu\u2019un emp\u00eachement a retenu \u00e0 Bruxelles, nous a joints par la magie d\u2019internet. Elle nous a parl\u00e9 de ses titres&nbsp;<em>L\u2019Amour r\u00eache&nbsp;<\/em>et<em>&nbsp;Lune d\u2019absinthe<\/em>. L\u2019auteur&nbsp;<em>Daniel French<\/em>&nbsp;a pr\u00e9sent\u00e9 son plus r\u00e9cent titre&nbsp;<em>Les Vies d\u2019ange<\/em>. Plus de 120 personnes y \u00e9taient.<\/p>","protected":false},"template":"","meta":{"_acf_changed":false,"site-sidebar-layout":"default","site-content-layout":"","ast-site-content-layout":"default","site-content-style":"default","site-sidebar-style":"default","ast-global-header-display":"","ast-banner-title-visibility":"","ast-main-header-display":"","ast-hfb-above-header-display":"","ast-hfb-below-header-display":"","ast-hfb-mobile-header-display":"","site-post-title":"","ast-breadcrumbs-content":"","ast-featured-img":"","footer-sml-layout":"","ast-disable-related-posts":"","theme-transparent-header-meta":"","adv-header-id-meta":"","stick-header-meta":"","header-above-stick-meta":"","header-main-stick-meta":"","header-below-stick-meta":"","astra-migrate-meta-layouts":"set","ast-page-background-enabled":"default","ast-page-background-meta":{"desktop":{"background-color":"var(--ast-global-color-4)","background-image":"","background-repeat":"repeat","background-position":"center center","background-size":"auto","background-attachment":"scroll","background-type":"","background-media":"","overlay-type":"","overlay-color":"","overlay-opacity":"","overlay-gradient":""},"tablet":{"background-color":"","background-image":"","background-repeat":"repeat","background-position":"center center","background-size":"auto","background-attachment":"scroll","background-type":"","background-media":"","overlay-type":"","overlay-color":"","overlay-opacity":"","overlay-gradient":""},"mobile":{"background-color":"","background-image":"","background-repeat":"repeat","background-position":"center center","background-size":"auto","background-attachment":"scroll","background-type":"","background-media":"","overlay-type":"","overlay-color":"","overlay-opacity":"","overlay-gradient":""}},"ast-content-background-meta":{"desktop":{"background-color":"var(--ast-global-color-5)","background-image":"","background-repeat":"repeat","background-position":"center center","background-size":"auto","background-attachment":"scroll","background-type":"","background-media":"","overlay-type":"","overlay-color":"","overlay-opacity":"","overlay-gradient":""},"tablet":{"background-color":"var(--ast-global-color-5)","background-image":"","background-repeat":"repeat","background-position":"center center","background-size":"auto","background-attachment":"scroll","background-type":"","background-media":"","overlay-type":"","overlay-color":"","overlay-opacity":"","overlay-gradient":""},"mobile":{"background-color":"var(--ast-global-color-5)","background-image":"","background-repeat":"repeat","background-position":"center center","background-size":"auto","background-attachment":"scroll","background-type":"","background-media":"","overlay-type":"","overlay-color":"","overlay-opacity":"","overlay-gradient":""}},"footnotes":""},"class_list":["post-1688216","flp_evenement","type-flp_evenement","status-publish","hentry","flp_tax_edition-35"],"acf":[],"yoast_head":"<!-- This site is optimized with the Yoast SEO plugin v27.0 - https:\/\/yoast.com\/product\/yoast-seo-wordpress\/ -->\n<title>Les choix de Sophie : la lecture \u00e0 d\u00e9couvrir ! - Fiert\u00e9 litt\u00e9raire<\/title>\n<meta name=\"robots\" content=\"index, follow, max-snippet:-1, max-image-preview:large, max-video-preview:-1\" \/>\n<link rel=\"canonical\" href=\"https:\/\/www.fiertelitteraire.ca\/en\/edition\/2019\/les-choix-de-sophie-la-lecture-a-decouvrir\/\" \/>\n<meta property=\"og:locale\" content=\"en_US\" \/>\n<meta property=\"og:type\" content=\"article\" \/>\n<meta property=\"og:title\" content=\"Les choix de Sophie : la lecture \u00e0 d\u00e9couvrir ! - Fiert\u00e9 litt\u00e9raire\" \/>\n<meta property=\"og:description\" content=\"R\u00e9sum\u00e9 de l\u2019\u00e9v\u00e8nement tir\u00e9 du\u00a0blog de Denis-Martin Chabot Quatre auteur.e.s ont fait d\u00e9couvrir leur oeuvre lors de la soir\u00e9e Les Choix de Sophie anim\u00e9e par la com\u00e9dienne&nbsp;Sophie Paradis.&nbsp;Johanne Coulombe, \u00e9ditrice, nous a parl\u00e9 de&nbsp;Portraits d\u2019illustres Butchs, un livre qui c\u00e9l\u00e8bre de grandes femmes queer de l\u2019histoire.&nbsp;Johanne H Gaudreault&nbsp;a v\u00e9cu \u00e0 \u00cele du Prince \u00c9douard, l\u00e0 [&hellip;]\" \/>\n<meta property=\"og:url\" content=\"https:\/\/www.fiertelitteraire.ca\/en\/edition\/2019\/les-choix-de-sophie-la-lecture-a-decouvrir\/\" \/>\n<meta property=\"og:site_name\" content=\"Fiert\u00e9 litt\u00e9raire\" \/>\n<meta property=\"article:publisher\" content=\"https:\/\/www.facebook.com\/FierteLitteraire\" \/>\n<meta property=\"article:modified_time\" content=\"2026-01-24T22:24:12+00:00\" \/>\n<meta name=\"twitter:card\" content=\"summary_large_image\" \/>\n<script type=\"application\/ld+json\" class=\"yoast-schema-graph\">{\"@context\":\"https:\/\/schema.org\",\"@graph\":[{\"@type\":\"WebPage\",\"@id\":\"https:\/\/www.fiertelitteraire.ca\/edition\/2019\/les-choix-de-sophie-la-lecture-a-decouvrir\/\",\"url\":\"https:\/\/www.fiertelitteraire.ca\/edition\/2019\/les-choix-de-sophie-la-lecture-a-decouvrir\/\",\"name\":\"Les choix de Sophie : la lecture \u00e0 d\u00e9couvrir ! - Fiert\u00e9 litt\u00e9raire\",\"isPartOf\":{\"@id\":\"https:\/\/www.fiertelitteraire.ca\/#website\"},\"datePublished\":\"2024-07-20T01:46:43+00:00\",\"dateModified\":\"2026-01-24T22:24:12+00:00\",\"breadcrumb\":{\"@id\":\"https:\/\/www.fiertelitteraire.ca\/edition\/2019\/les-choix-de-sophie-la-lecture-a-decouvrir\/#breadcrumb\"},\"inLanguage\":\"en-CA\",\"potentialAction\":[{\"@type\":\"ReadAction\",\"target\":[\"https:\/\/www.fiertelitteraire.ca\/edition\/2019\/les-choix-de-sophie-la-lecture-a-decouvrir\/\"]}]},{\"@type\":\"BreadcrumbList\",\"@id\":\"https:\/\/www.fiertelitteraire.ca\/edition\/2019\/les-choix-de-sophie-la-lecture-a-decouvrir\/#breadcrumb\",\"itemListElement\":[{\"@type\":\"ListItem\",\"position\":1,\"name\":\"Accueil\",\"item\":\"https:\/\/www.fiertelitteraire.ca\/\"},{\"@type\":\"ListItem\",\"position\":2,\"name\":\"Les choix de Sophie : la lecture \u00e0 d\u00e9couvrir !\"}]},{\"@type\":\"WebSite\",\"@id\":\"https:\/\/www.fiertelitteraire.ca\/#website\",\"url\":\"https:\/\/www.fiertelitteraire.ca\/\",\"name\":\"Fiert\u00e9 litt\u00e9raire\",\"description\":\"OBNL litt\u00e9raire 2SLGBTQIA francophone\",\"publisher\":{\"@id\":\"https:\/\/www.fiertelitteraire.ca\/#organization\"},\"potentialAction\":[{\"@type\":\"SearchAction\",\"target\":{\"@type\":\"EntryPoint\",\"urlTemplate\":\"https:\/\/www.fiertelitteraire.ca\/?s={search_term_string}\"},\"query-input\":{\"@type\":\"PropertyValueSpecification\",\"valueRequired\":true,\"valueName\":\"search_term_string\"}}],\"inLanguage\":\"en-CA\"},{\"@type\":\"Organization\",\"@id\":\"https:\/\/www.fiertelitteraire.ca\/#organization\",\"name\":\"Fiert\u00e9 Litt\u00e9raire\",\"url\":\"https:\/\/www.fiertelitteraire.ca\/\",\"logo\":{\"@type\":\"ImageObject\",\"inLanguage\":\"en-CA\",\"@id\":\"https:\/\/www.fiertelitteraire.ca\/#\/schema\/logo\/image\/\",\"url\":\"https:\/\/fiertelitteraire.ca\/wp-content\/uploads\/2023\/06\/FIERTE-LIT-logo-BLANC-coul-carre.jpg\",\"contentUrl\":\"https:\/\/fiertelitteraire.ca\/wp-content\/uploads\/2023\/06\/FIERTE-LIT-logo-BLANC-coul-carre.jpg\",\"width\":1300,\"height\":1300,\"caption\":\"Fiert\u00e9 Litt\u00e9raire\"},\"image\":{\"@id\":\"https:\/\/www.fiertelitteraire.ca\/#\/schema\/logo\/image\/\"},\"sameAs\":[\"https:\/\/www.facebook.com\/FierteLitteraire\",\"https:\/\/www.youtube.com\/@fiertelitteraire8239\",\"https:\/\/www.instagram.com\/fiertelitteraire\/\"]}]}<\/script>\n<!-- \/ Yoast SEO plugin. -->","yoast_head_json":{"title":"Les choix de Sophie : la lecture \u00e0 d\u00e9couvrir ! - Fiert\u00e9 litt\u00e9raire","robots":{"index":"index","follow":"follow","max-snippet":"max-snippet:-1","max-image-preview":"max-image-preview:large","max-video-preview":"max-video-preview:-1"},"canonical":"https:\/\/www.fiertelitteraire.ca\/en\/edition\/2019\/les-choix-de-sophie-la-lecture-a-decouvrir\/","og_locale":"en_US","og_type":"article","og_title":"Les choix de Sophie : la lecture \u00e0 d\u00e9couvrir ! - Fiert\u00e9 litt\u00e9raire","og_description":"R\u00e9sum\u00e9 de l\u2019\u00e9v\u00e8nement tir\u00e9 du\u00a0blog de Denis-Martin Chabot Quatre auteur.e.s ont fait d\u00e9couvrir leur oeuvre lors de la soir\u00e9e Les Choix de Sophie anim\u00e9e par la com\u00e9dienne&nbsp;Sophie Paradis.&nbsp;Johanne Coulombe, \u00e9ditrice, nous a parl\u00e9 de&nbsp;Portraits d\u2019illustres Butchs, un livre qui c\u00e9l\u00e8bre de grandes femmes queer de l\u2019histoire.&nbsp;Johanne H Gaudreault&nbsp;a v\u00e9cu \u00e0 \u00cele du Prince \u00c9douard, l\u00e0 [&hellip;]","og_url":"https:\/\/www.fiertelitteraire.ca\/en\/edition\/2019\/les-choix-de-sophie-la-lecture-a-decouvrir\/","og_site_name":"Fiert\u00e9 litt\u00e9raire","article_publisher":"https:\/\/www.facebook.com\/FierteLitteraire","article_modified_time":"2026-01-24T22:24:12+00:00","twitter_card":"summary_large_image","schema":{"@context":"https:\/\/schema.org","@graph":[{"@type":"WebPage","@id":"https:\/\/www.fiertelitteraire.ca\/edition\/2019\/les-choix-de-sophie-la-lecture-a-decouvrir\/","url":"https:\/\/www.fiertelitteraire.ca\/edition\/2019\/les-choix-de-sophie-la-lecture-a-decouvrir\/","name":"Les choix de Sophie : la lecture \u00e0 d\u00e9couvrir ! - Fiert\u00e9 litt\u00e9raire","isPartOf":{"@id":"https:\/\/www.fiertelitteraire.ca\/#website"},"datePublished":"2024-07-20T01:46:43+00:00","dateModified":"2026-01-24T22:24:12+00:00","breadcrumb":{"@id":"https:\/\/www.fiertelitteraire.ca\/edition\/2019\/les-choix-de-sophie-la-lecture-a-decouvrir\/#breadcrumb"},"inLanguage":"en-CA","potentialAction":[{"@type":"ReadAction","target":["https:\/\/www.fiertelitteraire.ca\/edition\/2019\/les-choix-de-sophie-la-lecture-a-decouvrir\/"]}]},{"@type":"BreadcrumbList","@id":"https:\/\/www.fiertelitteraire.ca\/edition\/2019\/les-choix-de-sophie-la-lecture-a-decouvrir\/#breadcrumb","itemListElement":[{"@type":"ListItem","position":1,"name":"Accueil","item":"https:\/\/www.fiertelitteraire.ca\/"},{"@type":"ListItem","position":2,"name":"Les choix de Sophie : la lecture \u00e0 d\u00e9couvrir !"}]},{"@type":"WebSite","@id":"https:\/\/www.fiertelitteraire.ca\/#website","url":"https:\/\/www.fiertelitteraire.ca\/","name":"Fiert\u00e9 litt\u00e9raire","description":"OBNL litt\u00e9raire 2SLGBTQIA francophone","publisher":{"@id":"https:\/\/www.fiertelitteraire.ca\/#organization"},"potentialAction":[{"@type":"SearchAction","target":{"@type":"EntryPoint","urlTemplate":"https:\/\/www.fiertelitteraire.ca\/?s={search_term_string}"},"query-input":{"@type":"PropertyValueSpecification","valueRequired":true,"valueName":"search_term_string"}}],"inLanguage":"en-CA"},{"@type":"Organization","@id":"https:\/\/www.fiertelitteraire.ca\/#organization","name":"Fiert\u00e9 Litt\u00e9raire","url":"https:\/\/www.fiertelitteraire.ca\/","logo":{"@type":"ImageObject","inLanguage":"en-CA","@id":"https:\/\/www.fiertelitteraire.ca\/#\/schema\/logo\/image\/","url":"https:\/\/fiertelitteraire.ca\/wp-content\/uploads\/2023\/06\/FIERTE-LIT-logo-BLANC-coul-carre.jpg","contentUrl":"https:\/\/fiertelitteraire.ca\/wp-content\/uploads\/2023\/06\/FIERTE-LIT-logo-BLANC-coul-carre.jpg","width":1300,"height":1300,"caption":"Fiert\u00e9 Litt\u00e9raire"},"image":{"@id":"https:\/\/www.fiertelitteraire.ca\/#\/schema\/logo\/image\/"},"sameAs":["https:\/\/www.facebook.com\/FierteLitteraire","https:\/\/www.youtube.com\/@fiertelitteraire8239","https:\/\/www.instagram.com\/fiertelitteraire\/"]}]}},"_links":{"self":[{"href":"https:\/\/www.fiertelitteraire.ca\/en\/wp-json\/wp\/v2\/flp_evenement\/1688216","targetHints":{"allow":["GET"]}}],"collection":[{"href":"https:\/\/www.fiertelitteraire.ca\/en\/wp-json\/wp\/v2\/flp_evenement"}],"about":[{"href":"https:\/\/www.fiertelitteraire.ca\/en\/wp-json\/wp\/v2\/types\/flp_evenement"}],"version-history":[{"count":1,"href":"https:\/\/www.fiertelitteraire.ca\/en\/wp-json\/wp\/v2\/flp_evenement\/1688216\/revisions"}],"predecessor-version":[{"id":3341354,"href":"https:\/\/www.fiertelitteraire.ca\/en\/wp-json\/wp\/v2\/flp_evenement\/1688216\/revisions\/3341354"}],"wp:attachment":[{"href":"https:\/\/www.fiertelitteraire.ca\/en\/wp-json\/wp\/v2\/media?parent=1688216"}],"curies":[{"name":"wp","href":"https:\/\/api.w.org\/{rel}","templated":true}]}}

Les choix de Sophie : la lecture à découvrir !

<p><em>Résumé de l’évènement tiré du <a href="https://denismartinchabot.wordpress.com/2017/09/10/fierte-litteraire-2017-le-fier-plaisir-de-lire/">blog de Denis-Martin Chabot</a></em></p>



<p>Quatre auteur.e.s ont fait découvrir leur oeuvre lors de la soirée Les Choix de Sophie animée par la comédienne&nbsp;<em>Sophie Paradis</em>.&nbsp;<em>Johanne Coulombe</em>, éditrice, nous a parlé de&nbsp;<em>Portraits d’illustres Butchs</em>, un livre qui célèbre de grandes femmes queer de l’histoire.&nbsp;<em>Johanne H Gaudreault</em>&nbsp;a vécu à Île du Prince Édouard, là où se déroule une bonne partie de sa saga,&nbsp;<em>Les Parallèles</em>. L’autrice belge&nbsp;<em>Valérie Dureuil</em>&nbsp;qu’un empêchement a retenu à Bruxelles, nous a joints par la magie d’internet. Elle nous a parlé de ses titres&nbsp;<em>L’Amour rêche&nbsp;</em>et<em>&nbsp;Lune d’absinthe</em>. L’auteur&nbsp;<em>Daniel French</em>&nbsp;a présenté son plus récent titre&nbsp;<em>Les Vies d’ange</em>. Plus de 120 personnes y étaient.</p>

<!-- This site is optimized with the Yoast SEO plugin v27.0 - https://yoast.com/product/yoast-seo-wordpress/ -->
<title>Les choix de Sophie : la lecture à découvrir ! - Fierté littéraire</title>
<meta name="robots" content="index, follow, max-snippet:-1, max-image-preview:large, max-video-preview:-1" />
<link rel="canonical" href="https://www.fiertelitteraire.ca/en/edition/2019/les-choix-de-sophie-la-lecture-a-decouvrir/" />
<meta property="og:locale" content="en_US" />
<meta property="og:type" content="article" />
<meta property="og:title" content="Les choix de Sophie : la lecture à découvrir ! - Fierté littéraire" />
<meta property="og:description" content="Résumé de l’évènement tiré du blog de Denis-Martin Chabot Quatre auteur.e.s ont fait découvrir leur oeuvre lors de la soirée Les Choix de Sophie animée par la comédienne&nbsp;Sophie Paradis.&nbsp;Johanne Coulombe, éditrice, nous a parlé de&nbsp;Portraits d’illustres Butchs, un livre qui célèbre de grandes femmes queer de l’histoire.&nbsp;Johanne H Gaudreault&nbsp;a vécu à Île du Prince Édouard, là [&hellip;]" />
<meta property="og:url" content="https://www.fiertelitteraire.ca/en/edition/2019/les-choix-de-sophie-la-lecture-a-decouvrir/" />
<meta property="og:site_name" content="Fierté littéraire" />
<meta property="article:publisher" content="https://www.facebook.com/FierteLitteraire" />
<meta property="article:modified_time" content="2026-01-24T22:24:12+00:00" />
<meta name="twitter:card" content="summary_large_image" />
<script type="application/ld+json" class="yoast-schema-graph">{"@context":"https://schema.org","@graph":[{"@type":"WebPage","@id":"https://www.fiertelitteraire.ca/edition/2019/les-choix-de-sophie-la-lecture-a-decouvrir/","url":"https://www.fiertelitteraire.ca/edition/2019/les-choix-de-sophie-la-lecture-a-decouvrir/","name":"Les choix de Sophie : la lecture à découvrir ! - Fierté littéraire","isPartOf":{"@id":"https://www.fiertelitteraire.ca/#website"},"datePublished":"2024-07-20T01:46:43+00:00","dateModified":"2026-01-24T22:24:12+00:00","breadcrumb":{"@id":"https://www.fiertelitteraire.ca/edition/2019/les-choix-de-sophie-la-lecture-a-decouvrir/#breadcrumb"},"inLanguage":"en-CA","potentialAction":[{"@type":"ReadAction","target":["https://www.fiertelitteraire.ca/edition/2019/les-choix-de-sophie-la-lecture-a-decouvrir/"]}]},{"@type":"BreadcrumbList","@id":"https://www.fiertelitteraire.ca/edition/2019/les-choix-de-sophie-la-lecture-a-decouvrir/#breadcrumb","itemListElement":[{"@type":"ListItem","position":1,"name":"Accueil","item":"https://www.fiertelitteraire.ca/"},{"@type":"ListItem","position":2,"name":"Les choix de Sophie : la lecture à découvrir !"}]},{"@type":"WebSite","@id":"https://www.fiertelitteraire.ca/#website","url":"https://www.fiertelitteraire.ca/","name":"Fierté littéraire","description":"OBNL littéraire 2SLGBTQIA francophone","publisher":{"@id":"https://www.fiertelitteraire.ca/#organization"},"potentialAction":[{"@type":"SearchAction","target":{"@type":"EntryPoint","urlTemplate":"https://www.fiertelitteraire.ca/?s={search_term_string}"},"query-input":{"@type":"PropertyValueSpecification","valueRequired":true,"valueName":"search_term_string"}}],"inLanguage":"en-CA"},{"@type":"Organization","@id":"https://www.fiertelitteraire.ca/#organization","name":"Fierté Littéraire","url":"https://www.fiertelitteraire.ca/","logo":{"@type":"ImageObject","inLanguage":"en-CA","@id":"https://www.fiertelitteraire.ca/#/schema/logo/image/","url":"https://fiertelitteraire.ca/wp-content/uploads/2023/06/FIERTE-LIT-logo-BLANC-coul-carre.jpg","contentUrl":"https://fiertelitteraire.ca/wp-content/uploads/2023/06/FIERTE-LIT-logo-BLANC-coul-carre.jpg","width":1300,"height":1300,"caption":"Fierté Littéraire"},"image":{"@id":"https://www.fiertelitteraire.ca/#/schema/logo/image/"},"sameAs":["https://www.facebook.com/FierteLitteraire","https://www.youtube.com/@fiertelitteraire8239","https://www.instagram.com/fiertelitteraire/"]}]}</script>
<!-- / Yoast SEO plugin. -->

Les choix de Sophie : la lecture à découvrir ! - Fierté littéraire

Résumé de l’évènement tiré du blog de Denis-Martin Chabot Quatre auteur.e.s ont fait découvrir leur oeuvre lors de la soirée Les Choix de Sophie animée par la comédienne&nbsp;Sophie Paradis.&nbsp;Johanne Coulombe, éditrice, nous a parlé de&nbsp;Portraits d’illustres Butchs, un livre qui célèbre de grandes femmes queer de l’histoire.&nbsp;Johanne H Gaudreault&nbsp;a vécu à Île du Prince Édouard, là [&hellip;]

Fierté littéraire

OBNL littéraire 2SLGBTQIA francophone

Fierté Littéraire
