{"id":1667084,"date":"2024-07-16T14:23:03","date_gmt":"2024-07-16T18:23:03","guid":{"rendered":"https:\/\/fiertelitteraire.ca\/?post_type=flp_evenement&#038;p=1667084"},"modified":"2026-01-24T17:25:12","modified_gmt":"2026-01-24T22:25:12","slug":"tetes-a-tetes-avec-steve-galluccio-2018","status":"publish","type":"flp_evenement","link":"https:\/\/www.fiertelitteraire.ca\/en\/edition\/2018\/tetes-a-tetes-avec-steve-galluccio-2018\/","title":{"rendered":"T\u00eates \u00e0 t\u00eates avec Steve Galluccio"},"content":{"rendered":"<p>Invit\u00e9 d\u2019honneur de la Fiert\u00e9 litt\u00e9raire 2018, Steve Galluccio, est venu parler de sa vie, de celle d\u2019\u00eatre doublement minoritaire, gai et italien. Il nous a parl\u00e9 de son grand succ\u00e8s Mambo italiano, port\u00e9 au cin\u00e9ma et bient\u00f4t sur Brodway. Son plus r\u00e9cent fils Little Italy cartonne dans le monde.Steve a \u00e9t\u00e9 plus que g\u00e9n\u00e9reux, partageant ses exp\u00e9riences parfois difficiles de sa jeunesse, ses vues sur le d\u00e9bat sur l\u2019appropriation culturelle et surtout son combat pour son conjoint malade qu\u2019il a d\u00fb placer en r\u00e9sidence.Une soir\u00e9e \u00e9galement remplie d\u2019\u00e9motion.<\/p>\n\n\n\n<p><em>R\u00e9sum\u00e9 de l\u2019\u00e9v\u00e8nement tir\u00e9 du\u00a0<a href=\"https:\/\/denismartinchabot.wordpress.com\/2017\/09\/10\/fierte-litteraire-2017-le-fier-plaisir-de-lire\/\">blog de Denis-Martin Chabot<\/a><\/em><\/p>","protected":false},"template":"","meta":{"_acf_changed":false,"site-sidebar-layout":"default","site-content-layout":"","ast-site-content-layout":"default","site-content-style":"default","site-sidebar-style":"default","ast-global-header-display":"","ast-banner-title-visibility":"","ast-main-header-display":"","ast-hfb-above-header-display":"","ast-hfb-below-header-display":"","ast-hfb-mobile-header-display":"","site-post-title":"","ast-breadcrumbs-content":"","ast-featured-img":"","footer-sml-layout":"","ast-disable-related-posts":"","theme-transparent-header-meta":"","adv-header-id-meta":"","stick-header-meta":"","header-above-stick-meta":"","header-main-stick-meta":"","header-below-stick-meta":"","astra-migrate-meta-layouts":"set","ast-page-background-enabled":"default","ast-page-background-meta":{"desktop":{"background-color":"var(--ast-global-color-4)","background-image":"","background-repeat":"repeat","background-position":"center center","background-size":"auto","background-attachment":"scroll","background-type":"","background-media":"","overlay-type":"","overlay-color":"","overlay-opacity":"","overlay-gradient":""},"tablet":{"background-color":"","background-image":"","background-repeat":"repeat","background-position":"center center","background-size":"auto","background-attachment":"scroll","background-type":"","background-media":"","overlay-type":"","overlay-color":"","overlay-opacity":"","overlay-gradient":""},"mobile":{"background-color":"","background-image":"","background-repeat":"repeat","background-position":"center center","background-size":"auto","background-attachment":"scroll","background-type":"","background-media":"","overlay-type":"","overlay-color":"","overlay-opacity":"","overlay-gradient":""}},"ast-content-background-meta":{"desktop":{"background-color":"var(--ast-global-color-5)","background-image":"","background-repeat":"repeat","background-position":"center center","background-size":"auto","background-attachment":"scroll","background-type":"","background-media":"","overlay-type":"","overlay-color":"","overlay-opacity":"","overlay-gradient":""},"tablet":{"background-color":"var(--ast-global-color-5)","background-image":"","background-repeat":"repeat","background-position":"center center","background-size":"auto","background-attachment":"scroll","background-type":"","background-media":"","overlay-type":"","overlay-color":"","overlay-opacity":"","overlay-gradient":""},"mobile":{"background-color":"var(--ast-global-color-5)","background-image":"","background-repeat":"repeat","background-position":"center center","background-size":"auto","background-attachment":"scroll","background-type":"","background-media":"","overlay-type":"","overlay-color":"","overlay-opacity":"","overlay-gradient":""}},"footnotes":""},"class_list":["post-1667084","flp_evenement","type-flp_evenement","status-publish","hentry","flp_tax_edition-36"],"acf":[],"yoast_head":"<!-- This site is optimized with the Yoast SEO plugin v27.0 - https:\/\/yoast.com\/product\/yoast-seo-wordpress\/ -->\n<title>T\u00eates \u00e0 t\u00eates avec Steve Galluccio - Fiert\u00e9 litt\u00e9raire<\/title>\n<meta name=\"robots\" content=\"index, follow, max-snippet:-1, max-image-preview:large, max-video-preview:-1\" \/>\n<link rel=\"canonical\" href=\"https:\/\/www.fiertelitteraire.ca\/en\/edition\/2018\/tetes-a-tetes-avec-steve-galluccio\/\" \/>\n<meta property=\"og:locale\" content=\"en_US\" \/>\n<meta property=\"og:type\" content=\"article\" \/>\n<meta property=\"og:title\" content=\"T\u00eates \u00e0 t\u00eates avec Steve Galluccio - Fiert\u00e9 litt\u00e9raire\" \/>\n<meta property=\"og:description\" content=\"Invit\u00e9 d\u2019honneur de la Fiert\u00e9 litt\u00e9raire 2018, Steve Galluccio, est venu parler de sa vie, de celle d\u2019\u00eatre doublement minoritaire, gai et italien. Il nous a parl\u00e9 de son grand succ\u00e8s Mambo italiano, port\u00e9 au cin\u00e9ma et bient\u00f4t sur Brodway. Son plus r\u00e9cent fils Little Italy cartonne dans le monde.Steve a \u00e9t\u00e9 plus que g\u00e9n\u00e9reux, [&hellip;]\" \/>\n<meta property=\"og:url\" content=\"https:\/\/www.fiertelitteraire.ca\/en\/edition\/2018\/tetes-a-tetes-avec-steve-galluccio\/\" \/>\n<meta property=\"og:site_name\" content=\"Fiert\u00e9 litt\u00e9raire\" \/>\n<meta property=\"article:publisher\" content=\"https:\/\/www.facebook.com\/FierteLitteraire\" \/>\n<meta property=\"article:modified_time\" content=\"2026-01-24T22:25:12+00:00\" \/>\n<meta name=\"twitter:card\" content=\"summary_large_image\" \/>\n<script type=\"application\/ld+json\" class=\"yoast-schema-graph\">{\"@context\":\"https:\/\/schema.org\",\"@graph\":[{\"@type\":\"WebPage\",\"@id\":\"https:\/\/www.fiertelitteraire.ca\/edition\/2018\/tetes-a-tetes-avec-steve-galluccio\/\",\"url\":\"https:\/\/www.fiertelitteraire.ca\/edition\/2018\/tetes-a-tetes-avec-steve-galluccio\/\",\"name\":\"T\u00eates \u00e0 t\u00eates avec Steve Galluccio - Fiert\u00e9 litt\u00e9raire\",\"isPartOf\":{\"@id\":\"https:\/\/www.fiertelitteraire.ca\/#website\"},\"datePublished\":\"2024-07-16T18:23:03+00:00\",\"dateModified\":\"2026-01-24T22:25:12+00:00\",\"breadcrumb\":{\"@id\":\"https:\/\/www.fiertelitteraire.ca\/edition\/2018\/tetes-a-tetes-avec-steve-galluccio\/#breadcrumb\"},\"inLanguage\":\"en-CA\",\"potentialAction\":[{\"@type\":\"ReadAction\",\"target\":[\"https:\/\/www.fiertelitteraire.ca\/edition\/2018\/tetes-a-tetes-avec-steve-galluccio\/\"]}]},{\"@type\":\"BreadcrumbList\",\"@id\":\"https:\/\/www.fiertelitteraire.ca\/edition\/2018\/tetes-a-tetes-avec-steve-galluccio\/#breadcrumb\",\"itemListElement\":[{\"@type\":\"ListItem\",\"position\":1,\"name\":\"Accueil\",\"item\":\"https:\/\/www.fiertelitteraire.ca\/\"},{\"@type\":\"ListItem\",\"position\":2,\"name\":\"T\u00eates \u00e0 t\u00eates avec Steve Galluccio\"}]},{\"@type\":\"WebSite\",\"@id\":\"https:\/\/www.fiertelitteraire.ca\/#website\",\"url\":\"https:\/\/www.fiertelitteraire.ca\/\",\"name\":\"Fiert\u00e9 litt\u00e9raire\",\"description\":\"OBNL litt\u00e9raire 2SLGBTQIA francophone\",\"publisher\":{\"@id\":\"https:\/\/www.fiertelitteraire.ca\/#organization\"},\"potentialAction\":[{\"@type\":\"SearchAction\",\"target\":{\"@type\":\"EntryPoint\",\"urlTemplate\":\"https:\/\/www.fiertelitteraire.ca\/?s={search_term_string}\"},\"query-input\":{\"@type\":\"PropertyValueSpecification\",\"valueRequired\":true,\"valueName\":\"search_term_string\"}}],\"inLanguage\":\"en-CA\"},{\"@type\":\"Organization\",\"@id\":\"https:\/\/www.fiertelitteraire.ca\/#organization\",\"name\":\"Fiert\u00e9 Litt\u00e9raire\",\"url\":\"https:\/\/www.fiertelitteraire.ca\/\",\"logo\":{\"@type\":\"ImageObject\",\"inLanguage\":\"en-CA\",\"@id\":\"https:\/\/www.fiertelitteraire.ca\/#\/schema\/logo\/image\/\",\"url\":\"https:\/\/fiertelitteraire.ca\/wp-content\/uploads\/2023\/06\/FIERTE-LIT-logo-BLANC-coul-carre.jpg\",\"contentUrl\":\"https:\/\/fiertelitteraire.ca\/wp-content\/uploads\/2023\/06\/FIERTE-LIT-logo-BLANC-coul-carre.jpg\",\"width\":1300,\"height\":1300,\"caption\":\"Fiert\u00e9 Litt\u00e9raire\"},\"image\":{\"@id\":\"https:\/\/www.fiertelitteraire.ca\/#\/schema\/logo\/image\/\"},\"sameAs\":[\"https:\/\/www.facebook.com\/FierteLitteraire\",\"https:\/\/www.youtube.com\/@fiertelitteraire8239\",\"https:\/\/www.instagram.com\/fiertelitteraire\/\"]}]}<\/script>\n<!-- \/ Yoast SEO plugin. -->","yoast_head_json":{"title":"T\u00eates \u00e0 t\u00eates avec Steve Galluccio - Fiert\u00e9 litt\u00e9raire","robots":{"index":"index","follow":"follow","max-snippet":"max-snippet:-1","max-image-preview":"max-image-preview:large","max-video-preview":"max-video-preview:-1"},"canonical":"https:\/\/www.fiertelitteraire.ca\/en\/edition\/2018\/tetes-a-tetes-avec-steve-galluccio\/","og_locale":"en_US","og_type":"article","og_title":"T\u00eates \u00e0 t\u00eates avec Steve Galluccio - Fiert\u00e9 litt\u00e9raire","og_description":"Invit\u00e9 d\u2019honneur de la Fiert\u00e9 litt\u00e9raire 2018, Steve Galluccio, est venu parler de sa vie, de celle d\u2019\u00eatre doublement minoritaire, gai et italien. Il nous a parl\u00e9 de son grand succ\u00e8s Mambo italiano, port\u00e9 au cin\u00e9ma et bient\u00f4t sur Brodway. Son plus r\u00e9cent fils Little Italy cartonne dans le monde.Steve a \u00e9t\u00e9 plus que g\u00e9n\u00e9reux, [&hellip;]","og_url":"https:\/\/www.fiertelitteraire.ca\/en\/edition\/2018\/tetes-a-tetes-avec-steve-galluccio\/","og_site_name":"Fiert\u00e9 litt\u00e9raire","article_publisher":"https:\/\/www.facebook.com\/FierteLitteraire","article_modified_time":"2026-01-24T22:25:12+00:00","twitter_card":"summary_large_image","schema":{"@context":"https:\/\/schema.org","@graph":[{"@type":"WebPage","@id":"https:\/\/www.fiertelitteraire.ca\/edition\/2018\/tetes-a-tetes-avec-steve-galluccio\/","url":"https:\/\/www.fiertelitteraire.ca\/edition\/2018\/tetes-a-tetes-avec-steve-galluccio\/","name":"T\u00eates \u00e0 t\u00eates avec Steve Galluccio - Fiert\u00e9 litt\u00e9raire","isPartOf":{"@id":"https:\/\/www.fiertelitteraire.ca\/#website"},"datePublished":"2024-07-16T18:23:03+00:00","dateModified":"2026-01-24T22:25:12+00:00","breadcrumb":{"@id":"https:\/\/www.fiertelitteraire.ca\/edition\/2018\/tetes-a-tetes-avec-steve-galluccio\/#breadcrumb"},"inLanguage":"en-CA","potentialAction":[{"@type":"ReadAction","target":["https:\/\/www.fiertelitteraire.ca\/edition\/2018\/tetes-a-tetes-avec-steve-galluccio\/"]}]},{"@type":"BreadcrumbList","@id":"https:\/\/www.fiertelitteraire.ca\/edition\/2018\/tetes-a-tetes-avec-steve-galluccio\/#breadcrumb","itemListElement":[{"@type":"ListItem","position":1,"name":"Accueil","item":"https:\/\/www.fiertelitteraire.ca\/"},{"@type":"ListItem","position":2,"name":"T\u00eates \u00e0 t\u00eates avec Steve Galluccio"}]},{"@type":"WebSite","@id":"https:\/\/www.fiertelitteraire.ca\/#website","url":"https:\/\/www.fiertelitteraire.ca\/","name":"Fiert\u00e9 litt\u00e9raire","description":"OBNL litt\u00e9raire 2SLGBTQIA francophone","publisher":{"@id":"https:\/\/www.fiertelitteraire.ca\/#organization"},"potentialAction":[{"@type":"SearchAction","target":{"@type":"EntryPoint","urlTemplate":"https:\/\/www.fiertelitteraire.ca\/?s={search_term_string}"},"query-input":{"@type":"PropertyValueSpecification","valueRequired":true,"valueName":"search_term_string"}}],"inLanguage":"en-CA"},{"@type":"Organization","@id":"https:\/\/www.fiertelitteraire.ca\/#organization","name":"Fiert\u00e9 Litt\u00e9raire","url":"https:\/\/www.fiertelitteraire.ca\/","logo":{"@type":"ImageObject","inLanguage":"en-CA","@id":"https:\/\/www.fiertelitteraire.ca\/#\/schema\/logo\/image\/","url":"https:\/\/fiertelitteraire.ca\/wp-content\/uploads\/2023\/06\/FIERTE-LIT-logo-BLANC-coul-carre.jpg","contentUrl":"https:\/\/fiertelitteraire.ca\/wp-content\/uploads\/2023\/06\/FIERTE-LIT-logo-BLANC-coul-carre.jpg","width":1300,"height":1300,"caption":"Fiert\u00e9 Litt\u00e9raire"},"image":{"@id":"https:\/\/www.fiertelitteraire.ca\/#\/schema\/logo\/image\/"},"sameAs":["https:\/\/www.facebook.com\/FierteLitteraire","https:\/\/www.youtube.com\/@fiertelitteraire8239","https:\/\/www.instagram.com\/fiertelitteraire\/"]}]}},"_links":{"self":[{"href":"https:\/\/www.fiertelitteraire.ca\/en\/wp-json\/wp\/v2\/flp_evenement\/1667084","targetHints":{"allow":["GET"]}}],"collection":[{"href":"https:\/\/www.fiertelitteraire.ca\/en\/wp-json\/wp\/v2\/flp_evenement"}],"about":[{"href":"https:\/\/www.fiertelitteraire.ca\/en\/wp-json\/wp\/v2\/types\/flp_evenement"}],"version-history":[{"count":1,"href":"https:\/\/www.fiertelitteraire.ca\/en\/wp-json\/wp\/v2\/flp_evenement\/1667084\/revisions"}],"predecessor-version":[{"id":3341477,"href":"https:\/\/www.fiertelitteraire.ca\/en\/wp-json\/wp\/v2\/flp_evenement\/1667084\/revisions\/3341477"}],"wp:attachment":[{"href":"https:\/\/www.fiertelitteraire.ca\/en\/wp-json\/wp\/v2\/media?parent=1667084"}],"curies":[{"name":"wp","href":"https:\/\/api.w.org\/{rel}","templated":true}]}}

Têtes à têtes avec Steve Galluccio

<p>Invité d’honneur de la Fierté littéraire 2018, Steve Galluccio, est venu parler de sa vie, de celle d’être doublement minoritaire, gai et italien. Il nous a parlé de son grand succès Mambo italiano, porté au cinéma et bientôt sur Brodway. Son plus récent fils Little Italy cartonne dans le monde.Steve a été plus que généreux, partageant ses expériences parfois difficiles de sa jeunesse, ses vues sur le débat sur l’appropriation culturelle et surtout son combat pour son conjoint malade qu’il a dû placer en résidence.Une soirée également remplie d’émotion.</p>



<p><em>Résumé de l’évènement tiré du <a href="https://denismartinchabot.wordpress.com/2017/09/10/fierte-litteraire-2017-le-fier-plaisir-de-lire/">blog de Denis-Martin Chabot</a></em></p>

<!-- This site is optimized with the Yoast SEO plugin v27.0 - https://yoast.com/product/yoast-seo-wordpress/ -->
<title>Têtes à têtes avec Steve Galluccio - Fierté littéraire</title>
<meta name="robots" content="index, follow, max-snippet:-1, max-image-preview:large, max-video-preview:-1" />
<link rel="canonical" href="https://www.fiertelitteraire.ca/en/edition/2018/tetes-a-tetes-avec-steve-galluccio/" />
<meta property="og:locale" content="en_US" />
<meta property="og:type" content="article" />
<meta property="og:title" content="Têtes à têtes avec Steve Galluccio - Fierté littéraire" />
<meta property="og:description" content="Invité d’honneur de la Fierté littéraire 2018, Steve Galluccio, est venu parler de sa vie, de celle d’être doublement minoritaire, gai et italien. Il nous a parlé de son grand succès Mambo italiano, porté au cinéma et bientôt sur Brodway. Son plus récent fils Little Italy cartonne dans le monde.Steve a été plus que généreux, [&hellip;]" />
<meta property="og:url" content="https://www.fiertelitteraire.ca/en/edition/2018/tetes-a-tetes-avec-steve-galluccio/" />
<meta property="og:site_name" content="Fierté littéraire" />
<meta property="article:publisher" content="https://www.facebook.com/FierteLitteraire" />
<meta property="article:modified_time" content="2026-01-24T22:25:12+00:00" />
<meta name="twitter:card" content="summary_large_image" />
<script type="application/ld+json" class="yoast-schema-graph">{"@context":"https://schema.org","@graph":[{"@type":"WebPage","@id":"https://www.fiertelitteraire.ca/edition/2018/tetes-a-tetes-avec-steve-galluccio/","url":"https://www.fiertelitteraire.ca/edition/2018/tetes-a-tetes-avec-steve-galluccio/","name":"Têtes à têtes avec Steve Galluccio - Fierté littéraire","isPartOf":{"@id":"https://www.fiertelitteraire.ca/#website"},"datePublished":"2024-07-16T18:23:03+00:00","dateModified":"2026-01-24T22:25:12+00:00","breadcrumb":{"@id":"https://www.fiertelitteraire.ca/edition/2018/tetes-a-tetes-avec-steve-galluccio/#breadcrumb"},"inLanguage":"en-CA","potentialAction":[{"@type":"ReadAction","target":["https://www.fiertelitteraire.ca/edition/2018/tetes-a-tetes-avec-steve-galluccio/"]}]},{"@type":"BreadcrumbList","@id":"https://www.fiertelitteraire.ca/edition/2018/tetes-a-tetes-avec-steve-galluccio/#breadcrumb","itemListElement":[{"@type":"ListItem","position":1,"name":"Accueil","item":"https://www.fiertelitteraire.ca/"},{"@type":"ListItem","position":2,"name":"Têtes à têtes avec Steve Galluccio"}]},{"@type":"WebSite","@id":"https://www.fiertelitteraire.ca/#website","url":"https://www.fiertelitteraire.ca/","name":"Fierté littéraire","description":"OBNL littéraire 2SLGBTQIA francophone","publisher":{"@id":"https://www.fiertelitteraire.ca/#organization"},"potentialAction":[{"@type":"SearchAction","target":{"@type":"EntryPoint","urlTemplate":"https://www.fiertelitteraire.ca/?s={search_term_string}"},"query-input":{"@type":"PropertyValueSpecification","valueRequired":true,"valueName":"search_term_string"}}],"inLanguage":"en-CA"},{"@type":"Organization","@id":"https://www.fiertelitteraire.ca/#organization","name":"Fierté Littéraire","url":"https://www.fiertelitteraire.ca/","logo":{"@type":"ImageObject","inLanguage":"en-CA","@id":"https://www.fiertelitteraire.ca/#/schema/logo/image/","url":"https://fiertelitteraire.ca/wp-content/uploads/2023/06/FIERTE-LIT-logo-BLANC-coul-carre.jpg","contentUrl":"https://fiertelitteraire.ca/wp-content/uploads/2023/06/FIERTE-LIT-logo-BLANC-coul-carre.jpg","width":1300,"height":1300,"caption":"Fierté Littéraire"},"image":{"@id":"https://www.fiertelitteraire.ca/#/schema/logo/image/"},"sameAs":["https://www.facebook.com/FierteLitteraire","https://www.youtube.com/@fiertelitteraire8239","https://www.instagram.com/fiertelitteraire/"]}]}</script>
<!-- / Yoast SEO plugin. -->

Têtes à têtes avec Steve Galluccio - Fierté littéraire

Invité d’honneur de la Fierté littéraire 2018, Steve Galluccio, est venu parler de sa vie, de celle d’être doublement minoritaire, gai et italien. Il nous a parlé de son grand succès Mambo italiano, porté au cinéma et bientôt sur Brodway. Son plus récent fils Little Italy cartonne dans le monde.Steve a été plus que généreux, [&hellip;]

Fierté littéraire

OBNL littéraire 2SLGBTQIA francophone

Fierté Littéraire
