{"id":1635613,"date":"2024-07-09T21:11:19","date_gmt":"2024-07-10T01:11:19","guid":{"rendered":"https:\/\/fiertelitteraire.ca\/?post_type=flp_evenement&#038;p=1635613"},"modified":"2025-12-08T13:23:26","modified_gmt":"2025-12-08T18:23:26","slug":"entretient-avec-michel-tremblay-2013","status":"publish","type":"flp_evenement","link":"https:\/\/www.fiertelitteraire.ca\/en\/edition\/2013\/entretient-avec-michel-tremblay-2013\/","title":{"rendered":"Entretient avec Michel Tremblay"},"content":{"rendered":"<p>Fiert\u00e9 litt\u00e9raire est tr\u00e8s fi\u00e8re d&rsquo;accueillir l&rsquo;\u00e9crivain Michel Tremblay, invit\u00e9 d&rsquo;honneur. Denis-martin Chabot s&rsquo;entretiendra avec lui, entre autre sur le \u00ab\u00a0Le gay savoir\u00a0\u00bb, sa suit de quatre romans publi\u00e9s chez Lem\u00e9ac. L&rsquo;invit\u00e9 d&rsquo;honneur de la Fiert\u00e9 litt\u00e9raire r\u00e9pondra ensuite eux questions du public et sera disponible pour d\u00e9dicacer ses livres, en vente sur place.<\/p>","protected":false},"template":"","meta":{"_acf_changed":false,"site-sidebar-layout":"default","site-content-layout":"","ast-site-content-layout":"default","site-content-style":"default","site-sidebar-style":"default","ast-global-header-display":"","ast-banner-title-visibility":"","ast-main-header-display":"","ast-hfb-above-header-display":"","ast-hfb-below-header-display":"","ast-hfb-mobile-header-display":"","site-post-title":"","ast-breadcrumbs-content":"","ast-featured-img":"","footer-sml-layout":"","ast-disable-related-posts":"","theme-transparent-header-meta":"","adv-header-id-meta":"","stick-header-meta":"","header-above-stick-meta":"","header-main-stick-meta":"","header-below-stick-meta":"","astra-migrate-meta-layouts":"set","ast-page-background-enabled":"default","ast-page-background-meta":{"desktop":{"background-color":"var(--ast-global-color-4)","background-image":"","background-repeat":"repeat","background-position":"center center","background-size":"auto","background-attachment":"scroll","background-type":"","background-media":"","overlay-type":"","overlay-color":"","overlay-opacity":"","overlay-gradient":""},"tablet":{"background-color":"","background-image":"","background-repeat":"repeat","background-position":"center center","background-size":"auto","background-attachment":"scroll","background-type":"","background-media":"","overlay-type":"","overlay-color":"","overlay-opacity":"","overlay-gradient":""},"mobile":{"background-color":"","background-image":"","background-repeat":"repeat","background-position":"center center","background-size":"auto","background-attachment":"scroll","background-type":"","background-media":"","overlay-type":"","overlay-color":"","overlay-opacity":"","overlay-gradient":""}},"ast-content-background-meta":{"desktop":{"background-color":"var(--ast-global-color-5)","background-image":"","background-repeat":"repeat","background-position":"center center","background-size":"auto","background-attachment":"scroll","background-type":"","background-media":"","overlay-type":"","overlay-color":"","overlay-opacity":"","overlay-gradient":""},"tablet":{"background-color":"var(--ast-global-color-5)","background-image":"","background-repeat":"repeat","background-position":"center center","background-size":"auto","background-attachment":"scroll","background-type":"","background-media":"","overlay-type":"","overlay-color":"","overlay-opacity":"","overlay-gradient":""},"mobile":{"background-color":"var(--ast-global-color-5)","background-image":"","background-repeat":"repeat","background-position":"center center","background-size":"auto","background-attachment":"scroll","background-type":"","background-media":"","overlay-type":"","overlay-color":"","overlay-opacity":"","overlay-gradient":""}},"footnotes":""},"class_list":["post-1635613","flp_evenement","type-flp_evenement","status-publish","hentry","flp_tax_edition-41"],"acf":[],"yoast_head":"<!-- This site is optimized with the Yoast SEO plugin v27.5 - https:\/\/yoast.com\/product\/yoast-seo-wordpress\/ -->\n<title>Entretient avec Michel Tremblay - Fiert\u00e9 litt\u00e9raire<\/title>\n<meta name=\"robots\" content=\"index, follow, max-snippet:-1, max-image-preview:large, max-video-preview:-1\" \/>\n<link rel=\"canonical\" href=\"https:\/\/www.fiertelitteraire.ca\/en\/edition\/2013\/entretient-avec-michel-tremblay\/\" \/>\n<meta property=\"og:locale\" content=\"en_US\" \/>\n<meta property=\"og:type\" content=\"article\" \/>\n<meta property=\"og:title\" content=\"Entretient avec Michel Tremblay - Fiert\u00e9 litt\u00e9raire\" \/>\n<meta property=\"og:description\" content=\"Fiert\u00e9 litt\u00e9raire est tr\u00e8s fi\u00e8re d&rsquo;accueillir l&rsquo;\u00e9crivain Michel Tremblay, invit\u00e9 d&rsquo;honneur. Denis-martin Chabot s&rsquo;entretiendra avec lui, entre autre sur le \u00ab\u00a0Le gay savoir\u00a0\u00bb, sa suit de quatre romans publi\u00e9s chez Lem\u00e9ac. L&rsquo;invit\u00e9 d&rsquo;honneur de la Fiert\u00e9 litt\u00e9raire r\u00e9pondra ensuite eux questions du public et sera disponible pour d\u00e9dicacer ses livres, en vente sur place.\" \/>\n<meta property=\"og:url\" content=\"https:\/\/www.fiertelitteraire.ca\/en\/edition\/2013\/entretient-avec-michel-tremblay\/\" \/>\n<meta property=\"og:site_name\" content=\"Fiert\u00e9 litt\u00e9raire\" \/>\n<meta property=\"article:publisher\" content=\"https:\/\/www.facebook.com\/FierteLitteraire\" \/>\n<meta property=\"article:modified_time\" content=\"2025-12-08T18:23:26+00:00\" \/>\n<meta name=\"twitter:card\" content=\"summary_large_image\" \/>\n<script type=\"application\/ld+json\" class=\"yoast-schema-graph\">{\"@context\":\"https:\\\/\\\/schema.org\",\"@graph\":[{\"@type\":\"WebPage\",\"@id\":\"https:\\\/\\\/www.fiertelitteraire.ca\\\/edition\\\/2013\\\/entretient-avec-michel-tremblay\\\/\",\"url\":\"https:\\\/\\\/www.fiertelitteraire.ca\\\/edition\\\/2013\\\/entretient-avec-michel-tremblay\\\/\",\"name\":\"Entretient avec Michel Tremblay - Fiert\u00e9 litt\u00e9raire\",\"isPartOf\":{\"@id\":\"https:\\\/\\\/www.fiertelitteraire.ca\\\/#website\"},\"datePublished\":\"2024-07-10T01:11:19+00:00\",\"dateModified\":\"2025-12-08T18:23:26+00:00\",\"breadcrumb\":{\"@id\":\"https:\\\/\\\/www.fiertelitteraire.ca\\\/edition\\\/2013\\\/entretient-avec-michel-tremblay\\\/#breadcrumb\"},\"inLanguage\":\"en-CA\",\"potentialAction\":[{\"@type\":\"ReadAction\",\"target\":[\"https:\\\/\\\/www.fiertelitteraire.ca\\\/edition\\\/2013\\\/entretient-avec-michel-tremblay\\\/\"]}]},{\"@type\":\"BreadcrumbList\",\"@id\":\"https:\\\/\\\/www.fiertelitteraire.ca\\\/edition\\\/2013\\\/entretient-avec-michel-tremblay\\\/#breadcrumb\",\"itemListElement\":[{\"@type\":\"ListItem\",\"position\":1,\"name\":\"Accueil\",\"item\":\"https:\\\/\\\/www.fiertelitteraire.ca\\\/\"},{\"@type\":\"ListItem\",\"position\":2,\"name\":\"Entretient avec Michel Tremblay\"}]},{\"@type\":\"WebSite\",\"@id\":\"https:\\\/\\\/www.fiertelitteraire.ca\\\/#website\",\"url\":\"https:\\\/\\\/www.fiertelitteraire.ca\\\/\",\"name\":\"Fiert\u00e9 litt\u00e9raire\",\"description\":\"OBNL litt\u00e9raire 2SLGBTQIA francophone\",\"publisher\":{\"@id\":\"https:\\\/\\\/www.fiertelitteraire.ca\\\/#organization\"},\"potentialAction\":[{\"@type\":\"SearchAction\",\"target\":{\"@type\":\"EntryPoint\",\"urlTemplate\":\"https:\\\/\\\/www.fiertelitteraire.ca\\\/?s={search_term_string}\"},\"query-input\":{\"@type\":\"PropertyValueSpecification\",\"valueRequired\":true,\"valueName\":\"search_term_string\"}}],\"inLanguage\":\"en-CA\"},{\"@type\":\"Organization\",\"@id\":\"https:\\\/\\\/www.fiertelitteraire.ca\\\/#organization\",\"name\":\"Fiert\u00e9 Litt\u00e9raire\",\"url\":\"https:\\\/\\\/www.fiertelitteraire.ca\\\/\",\"logo\":{\"@type\":\"ImageObject\",\"inLanguage\":\"en-CA\",\"@id\":\"https:\\\/\\\/www.fiertelitteraire.ca\\\/#\\\/schema\\\/logo\\\/image\\\/\",\"url\":\"https:\\\/\\\/fiertelitteraire.ca\\\/wp-content\\\/uploads\\\/2023\\\/06\\\/FIERTE-LIT-logo-BLANC-coul-carre.jpg\",\"contentUrl\":\"https:\\\/\\\/fiertelitteraire.ca\\\/wp-content\\\/uploads\\\/2023\\\/06\\\/FIERTE-LIT-logo-BLANC-coul-carre.jpg\",\"width\":1300,\"height\":1300,\"caption\":\"Fiert\u00e9 Litt\u00e9raire\"},\"image\":{\"@id\":\"https:\\\/\\\/www.fiertelitteraire.ca\\\/#\\\/schema\\\/logo\\\/image\\\/\"},\"sameAs\":[\"https:\\\/\\\/www.facebook.com\\\/FierteLitteraire\",\"https:\\\/\\\/www.youtube.com\\\/@fiertelitteraire8239\",\"https:\\\/\\\/www.instagram.com\\\/fiertelitteraire\\\/\"]}]}<\/script>\n<!-- \/ Yoast SEO plugin. -->","yoast_head_json":{"title":"Entretient avec Michel Tremblay - Fiert\u00e9 litt\u00e9raire","robots":{"index":"index","follow":"follow","max-snippet":"max-snippet:-1","max-image-preview":"max-image-preview:large","max-video-preview":"max-video-preview:-1"},"canonical":"https:\/\/www.fiertelitteraire.ca\/en\/edition\/2013\/entretient-avec-michel-tremblay\/","og_locale":"en_US","og_type":"article","og_title":"Entretient avec Michel Tremblay - Fiert\u00e9 litt\u00e9raire","og_description":"Fiert\u00e9 litt\u00e9raire est tr\u00e8s fi\u00e8re d&rsquo;accueillir l&rsquo;\u00e9crivain Michel Tremblay, invit\u00e9 d&rsquo;honneur. Denis-martin Chabot s&rsquo;entretiendra avec lui, entre autre sur le \u00ab\u00a0Le gay savoir\u00a0\u00bb, sa suit de quatre romans publi\u00e9s chez Lem\u00e9ac. L&rsquo;invit\u00e9 d&rsquo;honneur de la Fiert\u00e9 litt\u00e9raire r\u00e9pondra ensuite eux questions du public et sera disponible pour d\u00e9dicacer ses livres, en vente sur place.","og_url":"https:\/\/www.fiertelitteraire.ca\/en\/edition\/2013\/entretient-avec-michel-tremblay\/","og_site_name":"Fiert\u00e9 litt\u00e9raire","article_publisher":"https:\/\/www.facebook.com\/FierteLitteraire","article_modified_time":"2025-12-08T18:23:26+00:00","twitter_card":"summary_large_image","schema":{"@context":"https:\/\/schema.org","@graph":[{"@type":"WebPage","@id":"https:\/\/www.fiertelitteraire.ca\/edition\/2013\/entretient-avec-michel-tremblay\/","url":"https:\/\/www.fiertelitteraire.ca\/edition\/2013\/entretient-avec-michel-tremblay\/","name":"Entretient avec Michel Tremblay - Fiert\u00e9 litt\u00e9raire","isPartOf":{"@id":"https:\/\/www.fiertelitteraire.ca\/#website"},"datePublished":"2024-07-10T01:11:19+00:00","dateModified":"2025-12-08T18:23:26+00:00","breadcrumb":{"@id":"https:\/\/www.fiertelitteraire.ca\/edition\/2013\/entretient-avec-michel-tremblay\/#breadcrumb"},"inLanguage":"en-CA","potentialAction":[{"@type":"ReadAction","target":["https:\/\/www.fiertelitteraire.ca\/edition\/2013\/entretient-avec-michel-tremblay\/"]}]},{"@type":"BreadcrumbList","@id":"https:\/\/www.fiertelitteraire.ca\/edition\/2013\/entretient-avec-michel-tremblay\/#breadcrumb","itemListElement":[{"@type":"ListItem","position":1,"name":"Accueil","item":"https:\/\/www.fiertelitteraire.ca\/"},{"@type":"ListItem","position":2,"name":"Entretient avec Michel Tremblay"}]},{"@type":"WebSite","@id":"https:\/\/www.fiertelitteraire.ca\/#website","url":"https:\/\/www.fiertelitteraire.ca\/","name":"Fiert\u00e9 litt\u00e9raire","description":"OBNL litt\u00e9raire 2SLGBTQIA francophone","publisher":{"@id":"https:\/\/www.fiertelitteraire.ca\/#organization"},"potentialAction":[{"@type":"SearchAction","target":{"@type":"EntryPoint","urlTemplate":"https:\/\/www.fiertelitteraire.ca\/?s={search_term_string}"},"query-input":{"@type":"PropertyValueSpecification","valueRequired":true,"valueName":"search_term_string"}}],"inLanguage":"en-CA"},{"@type":"Organization","@id":"https:\/\/www.fiertelitteraire.ca\/#organization","name":"Fiert\u00e9 Litt\u00e9raire","url":"https:\/\/www.fiertelitteraire.ca\/","logo":{"@type":"ImageObject","inLanguage":"en-CA","@id":"https:\/\/www.fiertelitteraire.ca\/#\/schema\/logo\/image\/","url":"https:\/\/fiertelitteraire.ca\/wp-content\/uploads\/2023\/06\/FIERTE-LIT-logo-BLANC-coul-carre.jpg","contentUrl":"https:\/\/fiertelitteraire.ca\/wp-content\/uploads\/2023\/06\/FIERTE-LIT-logo-BLANC-coul-carre.jpg","width":1300,"height":1300,"caption":"Fiert\u00e9 Litt\u00e9raire"},"image":{"@id":"https:\/\/www.fiertelitteraire.ca\/#\/schema\/logo\/image\/"},"sameAs":["https:\/\/www.facebook.com\/FierteLitteraire","https:\/\/www.youtube.com\/@fiertelitteraire8239","https:\/\/www.instagram.com\/fiertelitteraire\/"]}]}},"_links":{"self":[{"href":"https:\/\/www.fiertelitteraire.ca\/en\/wp-json\/wp\/v2\/flp_evenement\/1635613","targetHints":{"allow":["GET"]}}],"collection":[{"href":"https:\/\/www.fiertelitteraire.ca\/en\/wp-json\/wp\/v2\/flp_evenement"}],"about":[{"href":"https:\/\/www.fiertelitteraire.ca\/en\/wp-json\/wp\/v2\/types\/flp_evenement"}],"version-history":[{"count":2,"href":"https:\/\/www.fiertelitteraire.ca\/en\/wp-json\/wp\/v2\/flp_evenement\/1635613\/revisions"}],"predecessor-version":[{"id":3337151,"href":"https:\/\/www.fiertelitteraire.ca\/en\/wp-json\/wp\/v2\/flp_evenement\/1635613\/revisions\/3337151"}],"wp:attachment":[{"href":"https:\/\/www.fiertelitteraire.ca\/en\/wp-json\/wp\/v2\/media?parent=1635613"}],"curies":[{"name":"wp","href":"https:\/\/api.w.org\/{rel}","templated":true}]}}

<p>Fierté littéraire est très fière d&rsquo;accueillir l&rsquo;écrivain Michel Tremblay, invité d&rsquo;honneur. Denis-martin Chabot s&rsquo;entretiendra avec lui, entre autre sur le « Le gay savoir », sa suit de quatre romans publiés chez Leméac. L&rsquo;invité d&rsquo;honneur de la Fierté littéraire répondra ensuite eux questions du public et sera disponible pour dédicacer ses livres, en vente sur place.</p>

<!-- This site is optimized with the Yoast SEO plugin v27.5 - https://yoast.com/product/yoast-seo-wordpress/ -->
<title>Entretient avec Michel Tremblay - Fierté littéraire</title>
<meta name="robots" content="index, follow, max-snippet:-1, max-image-preview:large, max-video-preview:-1" />
<link rel="canonical" href="https://www.fiertelitteraire.ca/en/edition/2013/entretient-avec-michel-tremblay/" />
<meta property="og:locale" content="en_US" />
<meta property="og:type" content="article" />
<meta property="og:title" content="Entretient avec Michel Tremblay - Fierté littéraire" />
<meta property="og:description" content="Fierté littéraire est très fière d&rsquo;accueillir l&rsquo;écrivain Michel Tremblay, invité d&rsquo;honneur. Denis-martin Chabot s&rsquo;entretiendra avec lui, entre autre sur le « Le gay savoir », sa suit de quatre romans publiés chez Leméac. L&rsquo;invité d&rsquo;honneur de la Fierté littéraire répondra ensuite eux questions du public et sera disponible pour dédicacer ses livres, en vente sur place." />
<meta property="og:url" content="https://www.fiertelitteraire.ca/en/edition/2013/entretient-avec-michel-tremblay/" />
<meta property="og:site_name" content="Fierté littéraire" />
<meta property="article:publisher" content="https://www.facebook.com/FierteLitteraire" />
<meta property="article:modified_time" content="2025-12-08T18:23:26+00:00" />
<meta name="twitter:card" content="summary_large_image" />
<script type="application/ld+json" class="yoast-schema-graph">{"@context":"https:\/\/schema.org","@graph":[{"@type":"WebPage","@id":"https:\/\/www.fiertelitteraire.ca\/edition\/2013\/entretient-avec-michel-tremblay\/","url":"https:\/\/www.fiertelitteraire.ca\/edition\/2013\/entretient-avec-michel-tremblay\/","name":"Entretient avec Michel Tremblay - Fierté littéraire","isPartOf":{"@id":"https:\/\/www.fiertelitteraire.ca\/#website"},"datePublished":"2024-07-10T01:11:19+00:00","dateModified":"2025-12-08T18:23:26+00:00","breadcrumb":{"@id":"https:\/\/www.fiertelitteraire.ca\/edition\/2013\/entretient-avec-michel-tremblay\/#breadcrumb"},"inLanguage":"en-CA","potentialAction":[{"@type":"ReadAction","target":["https:\/\/www.fiertelitteraire.ca\/edition\/2013\/entretient-avec-michel-tremblay\/"]}]},{"@type":"BreadcrumbList","@id":"https:\/\/www.fiertelitteraire.ca\/edition\/2013\/entretient-avec-michel-tremblay\/#breadcrumb","itemListElement":[{"@type":"ListItem","position":1,"name":"Accueil","item":"https:\/\/www.fiertelitteraire.ca\/"},{"@type":"ListItem","position":2,"name":"Entretient avec Michel Tremblay"}]},{"@type":"WebSite","@id":"https:\/\/www.fiertelitteraire.ca\/#website","url":"https:\/\/www.fiertelitteraire.ca\/","name":"Fierté littéraire","description":"OBNL littéraire 2SLGBTQIA francophone","publisher":{"@id":"https:\/\/www.fiertelitteraire.ca\/#organization"},"potentialAction":[{"@type":"SearchAction","target":{"@type":"EntryPoint","urlTemplate":"https:\/\/www.fiertelitteraire.ca\/?s={search_term_string}"},"query-input":{"@type":"PropertyValueSpecification","valueRequired":true,"valueName":"search_term_string"}}],"inLanguage":"en-CA"},{"@type":"Organization","@id":"https:\/\/www.fiertelitteraire.ca\/#organization","name":"Fierté Littéraire","url":"https:\/\/www.fiertelitteraire.ca\/","logo":{"@type":"ImageObject","inLanguage":"en-CA","@id":"https:\/\/www.fiertelitteraire.ca\/#\/schema\/logo\/image\/","url":"https:\/\/fiertelitteraire.ca\/wp-content\/uploads\/2023\/06\/FIERTE-LIT-logo-BLANC-coul-carre.jpg","contentUrl":"https:\/\/fiertelitteraire.ca\/wp-content\/uploads\/2023\/06\/FIERTE-LIT-logo-BLANC-coul-carre.jpg","width":1300,"height":1300,"caption":"Fierté Littéraire"},"image":{"@id":"https:\/\/www.fiertelitteraire.ca\/#\/schema\/logo\/image\/"},"sameAs":["https:\/\/www.facebook.com\/FierteLitteraire","https:\/\/www.youtube.com\/@fiertelitteraire8239","https:\/\/www.instagram.com\/fiertelitteraire\/"]}]}</script>
<!-- / Yoast SEO plugin. -->

Entretient avec Michel Tremblay - Fierté littéraire

Fierté littéraire est très fière d&rsquo;accueillir l&rsquo;écrivain Michel Tremblay, invité d&rsquo;honneur. Denis-martin Chabot s&rsquo;entretiendra avec lui, entre autre sur le « Le gay savoir », sa suit de quatre romans publiés chez Leméac. L&rsquo;invité d&rsquo;honneur de la Fierté littéraire répondra ensuite eux questions du public et sera disponible pour dédicacer ses livres, en vente sur place.

Fierté littéraire

OBNL littéraire 2SLGBTQIA francophone

Fierté Littéraire
