{"version":"1.0","provider_name":"Fiert\u00e9 litt\u00e9raire","provider_url":"https:\/\/www.fiertelitteraire.ca\/en","author_name":"Fiert\u00e9 litt\u00e9raire","author_url":"https:\/\/www.fiertelitteraire.ca\/en\/blog\/author\/admin\/","title":"Espace litt\u00e9raire bienveillant - Fiert\u00e9 litt\u00e9raire","type":"rich","width":600,"height":338,"html":"<blockquote class=\"wp-embedded-content\" data-secret=\"lwocIPkASq\"><a href=\"https:\/\/www.fiertelitteraire.ca\/en\/edition\/2023\/espace-litteraire-bienveillant-2023\/\">Espace litt\u00e9raire bienveillant<\/a><\/blockquote><iframe sandbox=\"allow-scripts\" security=\"restricted\" src=\"https:\/\/www.fiertelitteraire.ca\/en\/edition\/2023\/espace-litteraire-bienveillant-2023\/embed\/#?secret=lwocIPkASq\" width=\"600\" height=\"338\" title=\"&#8220;Espace litt\u00e9raire bienveillant&#8221; &#8212; Fiert\u00e9 litt\u00e9raire\" data-secret=\"lwocIPkASq\" frameborder=\"0\" marginwidth=\"0\" marginheight=\"0\" scrolling=\"no\" class=\"wp-embedded-content\"><\/iframe><script>\n\/*! This file is auto-generated *\/\n!function(d,l){\"use strict\";l.querySelector&&d.addEventListener&&\"undefined\"!=typeof URL&&(d.wp=d.wp||{},d.wp.receiveEmbedMessage||(d.wp.receiveEmbedMessage=function(e){var t=e.data;if((t||t.secret||t.message||t.value)&&!\/[^a-zA-Z0-9]\/.test(t.secret)){for(var s,r,n,a=l.querySelectorAll('iframe[data-secret=\"'+t.secret+'\"]'),o=l.querySelectorAll('blockquote[data-secret=\"'+t.secret+'\"]'),c=new RegExp(\"^https?:$\",\"i\"),i=0;i<o.length;i++)o[i].style.display=\"none\";for(i=0;i<a.length;i++)s=a[i],e.source===s.contentWindow&&(s.removeAttribute(\"style\"),\"height\"===t.message?(1e3<(r=parseInt(t.value,10))?r=1e3:~~r<200&&(r=200),s.height=r):\"link\"===t.message&&(r=new URL(s.getAttribute(\"src\")),n=new URL(t.value),c.test(n.protocol))&&n.host===r.host&&l.activeElement===s&&(d.top.location.href=t.value))}},d.addEventListener(\"message\",d.wp.receiveEmbedMessage,!1),l.addEventListener(\"DOMContentLoaded\",function(){for(var e,t,s=l.querySelectorAll(\"iframe.wp-embedded-content\"),r=0;r<s.length;r++)(t=(e=s[r]).getAttribute(\"data-secret\"))||(t=Math.random().toString(36).substring(2,12),e.src+=\"#?secret=\"+t,e.setAttribute(\"data-secret\",t)),e.contentWindow.postMessage({message:\"ready\",secret:t},\"*\")},!1)))}(window,document);\n\/\/# sourceURL=https:\/\/www.fiertelitteraire.ca\/wp-includes\/js\/wp-embed.min.js\n<\/script>","description":"Un \u00e9v\u00e9nement \u00ab\u2009safe space\u2009\u00bb pour les auteurs, autrices et autaires qui ne peuvent pas ou ne veulent pas s\u2019afficher pour des raisons qui leur appartiennent. Nous facilitons des rencontres conviviales et s\u00fbres pour ces personnes dans l\u2019espoir qu\u2019un jour, elles soient suffisamment \u00e0 l\u2019aise pour participer \u00e0 nos activit\u00e9s publiques. Quatre rencontres avec quatre animateurs, [&hellip;]","thumbnail_url":"https:\/\/fiertelitteraire.ca\/wp-content\/uploads\/2023\/07\/Chris-Bergeron-_-credit-_-Neil-Mota.jpeg"}

Fierté littéraire

Espace littéraire bienveillant - Fierté littéraire

<blockquote class="wp-embedded-content" data-secret="lwocIPkASq"><a href="https://www.fiertelitteraire.ca/en/edition/2023/espace-litteraire-bienveillant-2023/">Espace littéraire bienveillant</a></blockquote><iframe sandbox="allow-scripts" security="restricted" src="https://www.fiertelitteraire.ca/en/edition/2023/espace-litteraire-bienveillant-2023/embed/#?secret=lwocIPkASq" width="600" height="338" title="&#8220;Espace littéraire bienveillant&#8221; &#8212; Fierté littéraire" data-secret="lwocIPkASq" frameborder="0" marginwidth="0" marginheight="0" scrolling="no" class="wp-embedded-content"></iframe><script>
/*! This file is auto-generated */
!function(d,l){"use strict";l.querySelector&&d.addEventListener&&"undefined"!=typeof URL&&(d.wp=d.wp||{},d.wp.receiveEmbedMessage||(d.wp.receiveEmbedMessage=function(e){var t=e.data;if((t||t.secret||t.message||t.value)&&!/[^a-zA-Z0-9]/.test(t.secret)){for(var s,r,n,a=l.querySelectorAll('iframe[data-secret="'+t.secret+'"]'),o=l.querySelectorAll('blockquote[data-secret="'+t.secret+'"]'),c=new RegExp("^https?:$","i"),i=0;i<o.length;i++)o[i].style.display="none";for(i=0;i<a.length;i++)s=a[i],e.source===s.contentWindow&&(s.removeAttribute("style"),"height"===t.message?(1e3<(r=parseInt(t.value,10))?r=1e3:~~r<200&&(r=200),s.height=r):"link"===t.message&&(r=new URL(s.getAttribute("src")),n=new URL(t.value),c.test(n.protocol))&&n.host===r.host&&l.activeElement===s&&(d.top.location.href=t.value))}},d.addEventListener("message",d.wp.receiveEmbedMessage,!1),l.addEventListener("DOMContentLoaded",function(){for(var e,t,s=l.querySelectorAll("iframe.wp-embedded-content"),r=0;r<s.length;r++)(t=(e=s[r]).getAttribute("data-secret"))||(t=Math.random().toString(36).substring(2,12),e.src+="#?secret="+t,e.setAttribute("data-secret",t)),e.contentWindow.postMessage({message:"ready",secret:t},"*")},!1)))}(window,document);
//# sourceURL=https://www.fiertelitteraire.ca/wp-includes/js/wp-embed.min.js
</script>

Un événement « safe space » pour les auteurs, autrices et autaires qui ne peuvent pas ou ne veulent pas s’afficher pour des raisons qui leur appartiennent. Nous facilitons des rencontres conviviales et sûres pour ces personnes dans l’espoir qu’un jour, elles soient suffisamment à l’aise pour participer à nos activités publiques. Quatre rencontres avec quatre animateurs, [&hellip;]
